{"id":16,"date":"2025-01-20T10:55:43","date_gmt":"2025-01-20T10:55:43","guid":{"rendered":"https:\/\/designfawi.soporte-informatico.com\/?page_id=16"},"modified":"2025-09-08T19:00:12","modified_gmt":"2025-09-08T19:00:12","slug":"nosotros","status":"publish","type":"page","link":"https:\/\/desingfawi.soporte-informatico.com\/?page_id=16","title":{"rendered":"Nosotros"},"content":{"rendered":"\t\t<div data-elementor-type=\"wp-page\" data-elementor-id=\"16\" class=\"elementor elementor-16\" data-elementor-post-type=\"page\">\n\t\t\t\t<div class=\"elementor-element elementor-element-546d8986 e-flex e-con-boxed e-con e-parent\" data-id=\"546d8986\" data-element_type=\"container\" data-e-type=\"container\" data-settings=\"{&quot;background_background&quot;:&quot;classic&quot;}\">\n\t\t\t\t\t<div class=\"e-con-inner\">\n\t\t<div class=\"elementor-element elementor-element-7f5fc12 e-con-full e-flex e-con e-child\" data-id=\"7f5fc12\" data-element_type=\"container\" data-e-type=\"container\">\n\t\t\t\t<div class=\"elementor-element elementor-element-5e0ea6db elementor-invisible elementor-widget elementor-widget-heading\" data-id=\"5e0ea6db\" data-element_type=\"widget\" data-e-type=\"widget\" data-settings=\"{&quot;_animation&quot;:&quot;fadeInRight&quot;}\" data-widget_type=\"heading.default\">\n\t\t\t\t<div class=\"elementor-widget-container\">\n\t\t\t\t\t<h1 class=\"elementor-heading-title elementor-size-default\">Nosotros<\/h1>\t\t\t\t<\/div>\n\t\t\t\t<\/div>\n\t\t\t\t<div class=\"elementor-element elementor-element-48de93d elementor-absolute e-transform elementor-hidden-tablet elementor-hidden-mobile animated-slow elementor-widget-divider--view-line elementor-invisible elementor-widget elementor-widget-divider\" data-id=\"48de93d\" data-element_type=\"widget\" data-e-type=\"widget\" data-settings=\"{&quot;_position&quot;:&quot;absolute&quot;,&quot;_transform_rotateZ_effect&quot;:{&quot;unit&quot;:&quot;px&quot;,&quot;size&quot;:90,&quot;sizes&quot;:[]},&quot;_animation&quot;:&quot;rotateInDownLeft&quot;,&quot;_transform_rotateZ_effect_tablet&quot;:{&quot;unit&quot;:&quot;deg&quot;,&quot;size&quot;:&quot;&quot;,&quot;sizes&quot;:[]},&quot;_transform_rotateZ_effect_mobile&quot;:{&quot;unit&quot;:&quot;deg&quot;,&quot;size&quot;:&quot;&quot;,&quot;sizes&quot;:[]}}\" data-widget_type=\"divider.default\">\n\t\t\t\t<div class=\"elementor-widget-container\">\n\t\t\t\t\t\t\t<div class=\"elementor-divider\">\n\t\t\t<span class=\"elementor-divider-separator\">\n\t\t\t\t\t\t<\/span>\n\t\t<\/div>\n\t\t\t\t\t\t<\/div>\n\t\t\t\t<\/div>\n\t\t\t\t<\/div>\n\t\t\t\t\t<\/div>\n\t\t\t\t<\/div>\n\t\t<div class=\"elementor-element elementor-element-081b63f e-flex e-con-boxed e-con e-parent\" data-id=\"081b63f\" data-element_type=\"container\" data-e-type=\"container\" data-settings=\"{&quot;background_background&quot;:&quot;classic&quot;}\">\n\t\t\t\t\t<div class=\"e-con-inner\">\n\t\t<div class=\"elementor-element elementor-element-9f3072b e-con-full e-flex e-con e-child\" data-id=\"9f3072b\" data-element_type=\"container\" data-e-type=\"container\" data-settings=\"{&quot;background_background&quot;:&quot;slideshow&quot;,&quot;background_slideshow_gallery&quot;:[{&quot;id&quot;:792,&quot;url&quot;:&quot;https:\\\/\\\/designfawi.soporte-informatico.com\\\/wp-content\\\/uploads\\\/2025\\\/07\\\/ABATIBLE-1-HOJA-NEGRO.webp&quot;},{&quot;id&quot;:791,&quot;url&quot;:&quot;https:\\\/\\\/designfawi.soporte-informatico.com\\\/wp-content\\\/uploads\\\/2025\\\/07\\\/ABATIBLE-1-HOJA-MAS-UN-FIJO.webp&quot;},{&quot;id&quot;:797,&quot;url&quot;:&quot;https:\\\/\\\/designfawi.soporte-informatico.com\\\/wp-content\\\/uploads\\\/2025\\\/07\\\/ACORDEON.webp&quot;},{&quot;id&quot;:766,&quot;url&quot;:&quot;https:\\\/\\\/designfawi.soporte-informatico.com\\\/wp-content\\\/uploads\\\/2025\\\/07\\\/ESCULTURAS.webp&quot;},{&quot;id&quot;:767,&quot;url&quot;:&quot;https:\\\/\\\/designfawi.soporte-informatico.com\\\/wp-content\\\/uploads\\\/2025\\\/07\\\/LAVABOS-ASEOS-La-Bodega-de-los-Secretos.webp&quot;},{&quot;id&quot;:799,&quot;url&quot;:&quot;https:\\\/\\\/designfawi.soporte-informatico.com\\\/wp-content\\\/uploads\\\/2025\\\/07\\\/CORREDERA-1-HOJA-BLANCO.webp&quot;}],&quot;background_slideshow_slide_duration&quot;:1000,&quot;background_slideshow_transition_duration&quot;:1500,&quot;background_slideshow_loop&quot;:&quot;yes&quot;,&quot;background_slideshow_slide_transition&quot;:&quot;fade&quot;}\">\n\t\t\t\t<\/div>\n\t\t<div class=\"elementor-element elementor-element-73ae649 e-con-full e-flex e-con e-child\" data-id=\"73ae649\" data-element_type=\"container\" data-e-type=\"container\">\n\t\t\t\t<div class=\"elementor-element elementor-element-9715488 elementor-widget elementor-widget-heading\" data-id=\"9715488\" data-element_type=\"widget\" data-e-type=\"widget\" data-widget_type=\"heading.default\">\n\t\t\t\t<div class=\"elementor-widget-container\">\n\t\t\t\t\t<h2 class=\"elementor-heading-title elementor-size-default\">\u00bfQu\u00e9 hacemos?<\/h2>\t\t\t\t<\/div>\n\t\t\t\t<\/div>\n\t\t\t\t<div class=\"elementor-element elementor-element-79b8213 elementor-widget elementor-widget-heading\" data-id=\"79b8213\" data-element_type=\"widget\" data-e-type=\"widget\" data-widget_type=\"heading.default\">\n\t\t\t\t<div class=\"elementor-widget-container\">\n\t\t\t\t\t<h2 class=\"elementor-heading-title elementor-size-default\">En Desingfawi dise\u00f1amos, fabricamos e instalamos estructuras acristaladas en hierro<\/h2>\t\t\t\t<\/div>\n\t\t\t\t<\/div>\n\t\t\t\t<div class=\"elementor-element elementor-element-810e8ed elementor-widget elementor-widget-text-editor\" data-id=\"810e8ed\" data-element_type=\"widget\" data-e-type=\"widget\" data-widget_type=\"text-editor.default\">\n\t\t\t\t<div class=\"elementor-widget-container\">\n\t\t\t\t\t\t\t\t\t<p>En Desing Fawi llevamos m\u00e1s de 30 a\u00f1os creando <strong data-start=\"1119\" data-end=\"1153\">estructuras met\u00e1licas a medida<\/strong>, combinando funcionalidad, est\u00e9tica y precisi\u00f3n artesanal. Nos diferenciamos por nuestro enfoque personalizado y por la atenci\u00f3n al detalle en cada fase: desde el dise\u00f1o hasta la instalaci\u00f3n final. Creamos piezas \u00fanicas de <strong data-start=\"1377\" data-end=\"1411\">decoraci\u00f3n en hierro artesanal<\/strong>, adaptadas a las necesidades de cada cliente y espacio.<\/p><p>Puertas abatibles, correderas y en acorde\u00f3n, cerramientos, mamparas, celos\u00edas, paneles, separadores\u2026 Todo completamente personalizado y artesanal, para optimizar funcionalidad y decoraci\u00f3n.<\/p>\t\t\t\t\t\t\t\t<\/div>\n\t\t\t\t<\/div>\n\t\t\t\t<div class=\"elementor-element elementor-element-aa524aa elementor-position-inline-start elementor-mobile-position-inline-start elementor-view-default elementor-widget elementor-widget-icon-box\" data-id=\"aa524aa\" data-element_type=\"widget\" data-e-type=\"widget\" data-widget_type=\"icon-box.default\">\n\t\t\t\t<div class=\"elementor-widget-container\">\n\t\t\t\t\t\t\t<div class=\"elementor-icon-box-wrapper\">\n\n\t\t\t\t\t\t<div class=\"elementor-icon-box-icon\">\n\t\t\t\t<span  class=\"elementor-icon\">\n\t\t\t\t<i aria-hidden=\"true\" class=\"icon icon-customer-support\"><\/i>\t\t\t\t<\/span>\n\t\t\t<\/div>\n\t\t\t\n\t\t\t\t\t\t<div class=\"elementor-icon-box-content\">\n\n\t\t\t\t\t\t\t\t\t<div class=\"elementor-icon-box-title\">\n\t\t\t\t\t\t<span  >\n\t\t\t\t\t\t\tDise\u00f1o y fabricaci\u00f3n a medida\t\t\t\t\t\t<\/span>\n\t\t\t\t\t<\/div>\n\t\t\t\t\n\t\t\t\t\t\t\t\t\t<p class=\"elementor-icon-box-description\">\n\t\t\t\t\t\tDise\u00f1amos y fabricamos puertas, cerramientos, celos\u00edas y estructuras en hierro y cristal, siempre adaptadas a cada espacio.\t\t\t\t\t<\/p>\n\t\t\t\t\n\t\t\t<\/div>\n\t\t\t\n\t\t<\/div>\n\t\t\t\t\t\t<\/div>\n\t\t\t\t<\/div>\n\t\t\t\t<div class=\"elementor-element elementor-element-39e7ae2 elementor-position-inline-start elementor-mobile-position-inline-start elementor-view-default elementor-widget elementor-widget-icon-box\" data-id=\"39e7ae2\" data-element_type=\"widget\" data-e-type=\"widget\" data-widget_type=\"icon-box.default\">\n\t\t\t\t<div class=\"elementor-widget-container\">\n\t\t\t\t\t\t\t<div class=\"elementor-icon-box-wrapper\">\n\n\t\t\t\t\t\t<div class=\"elementor-icon-box-icon\">\n\t\t\t\t<span  class=\"elementor-icon\">\n\t\t\t\t<i aria-hidden=\"true\" class=\"icon icon-settings\"><\/i>\t\t\t\t<\/span>\n\t\t\t<\/div>\n\t\t\t\n\t\t\t\t\t\t<div class=\"elementor-icon-box-content\">\n\n\t\t\t\t\t\t\t\t\t<div class=\"elementor-icon-box-title\">\n\t\t\t\t\t\t<span  >\n\t\t\t\t\t\t\tInstalaci\u00f3n profesional y detallada\t\t\t\t\t\t<\/span>\n\t\t\t\t\t<\/div>\n\t\t\t\t\n\t\t\t\t\t\t\t\t\t<p class=\"elementor-icon-box-description\">\n\t\t\t\t\t\tCada proyecto se instala con m\u00e1xima precisi\u00f3n, remates limpios y sellado perfecto. Garant\u00eda de calidad en cada paso.\n\t\t\t\t\t<\/p>\n\t\t\t\t\n\t\t\t<\/div>\n\t\t\t\n\t\t<\/div>\n\t\t\t\t\t\t<\/div>\n\t\t\t\t<\/div>\n\t\t\t\t<div class=\"elementor-element elementor-element-29a82b7 elementor-position-inline-start elementor-mobile-position-inline-start elementor-view-default elementor-widget elementor-widget-icon-box\" data-id=\"29a82b7\" data-element_type=\"widget\" data-e-type=\"widget\" data-widget_type=\"icon-box.default\">\n\t\t\t\t<div class=\"elementor-widget-container\">\n\t\t\t\t\t\t\t<div class=\"elementor-icon-box-wrapper\">\n\n\t\t\t\t\t\t<div class=\"elementor-icon-box-icon\">\n\t\t\t\t<span  class=\"elementor-icon\">\n\t\t\t\t<i aria-hidden=\"true\" class=\"icon icon-shield11\"><\/i>\t\t\t\t<\/span>\n\t\t\t<\/div>\n\t\t\t\n\t\t\t\t\t\t<div class=\"elementor-icon-box-content\">\n\n\t\t\t\t\t\t\t\t\t<div class=\"elementor-icon-box-title\">\n\t\t\t\t\t\t<span  >\n\t\t\t\t\t\t\tSoluciones funcionales y decorativas\t\t\t\t\t\t<\/span>\n\t\t\t\t\t<\/div>\n\t\t\t\t\n\t\t\t\t\t\t\t\t\t<p class=\"elementor-icon-box-description\">\n\t\t\t\t\t\tMamparas, separadores, paneles o puertas con dise\u00f1o exclusivo que aportan amplitud y luminosidad.\t\t\t\t\t<\/p>\n\t\t\t\t\n\t\t\t<\/div>\n\t\t\t\n\t\t<\/div>\n\t\t\t\t\t\t<\/div>\n\t\t\t\t<\/div>\n\t\t\t\t<\/div>\n\t\t\t\t\t<\/div>\n\t\t\t\t<\/div>\n\t\t<div class=\"elementor-element elementor-element-b4f244d e-flex e-con-boxed e-con e-parent\" data-id=\"b4f244d\" data-element_type=\"container\" data-e-type=\"container\" data-settings=\"{&quot;background_background&quot;:&quot;classic&quot;}\">\n\t\t\t\t\t<div class=\"e-con-inner\">\n\t\t<div class=\"elementor-element elementor-element-1f4d5e7 e-con-full e-flex e-con e-child\" data-id=\"1f4d5e7\" data-element_type=\"container\" data-e-type=\"container\">\n\t\t\t\t<div class=\"elementor-element elementor-element-a63de61 elementor-widget elementor-widget-heading\" data-id=\"a63de61\" data-element_type=\"widget\" data-e-type=\"widget\" data-widget_type=\"heading.default\">\n\t\t\t\t<div class=\"elementor-widget-container\">\n\t\t\t\t\t<h2 class=\"elementor-heading-title elementor-size-default\">Agenda tu proyecto hoy y deja que nosotros nos encarguemos del resto.<\/h2>\t\t\t\t<\/div>\n\t\t\t\t<\/div>\n\t\t\t\t<div class=\"elementor-element elementor-element-ce404ee elementor-widget elementor-widget-text-editor\" data-id=\"ce404ee\" data-element_type=\"widget\" data-e-type=\"widget\" data-widget_type=\"text-editor.default\">\n\t\t\t\t<div class=\"elementor-widget-container\">\n\t\t\t\t\t\t\t\t\t<p>Te asesoramos y fabricamos a medida, desde la idea hasta la instalaci\u00f3n final. Atenci\u00f3n personalizada y compromiso total.<\/p>\t\t\t\t\t\t\t\t<\/div>\n\t\t\t\t<\/div>\n\t\t\t\t<div class=\"elementor-element elementor-element-4537a85 elementor-align-left elementor-widget elementor-widget-button\" data-id=\"4537a85\" data-element_type=\"widget\" data-e-type=\"widget\" data-widget_type=\"button.default\">\n\t\t\t\t<div class=\"elementor-widget-container\">\n\t\t\t\t\t\t\t\t\t<div class=\"elementor-button-wrapper\">\n\t\t\t\t\t<a class=\"elementor-button elementor-button-link elementor-size-md\" href=\"https:\/\/designfawi.soporte-informatico.com\/contacto\/\">\n\t\t\t\t\t\t<span class=\"elementor-button-content-wrapper\">\n\t\t\t\t\t\t\t\t\t<span class=\"elementor-button-text\">SOLICITAR PRESUPUESTO<\/span>\n\t\t\t\t\t<\/span>\n\t\t\t\t\t<\/a>\n\t\t\t\t<\/div>\n\t\t\t\t\t\t\t\t<\/div>\n\t\t\t\t<\/div>\n\t\t\t\t<\/div>\n\t\t\t\t\t<\/div>\n\t\t\t\t<\/div>\n\t\t<div class=\"elementor-element elementor-element-4a0a6082 e-flex e-con-boxed e-con e-parent\" data-id=\"4a0a6082\" data-element_type=\"container\" data-e-type=\"container\" data-settings=\"{&quot;background_background&quot;:&quot;classic&quot;}\">\n\t\t\t\t\t<div class=\"e-con-inner\">\n\t\t<div class=\"elementor-element elementor-element-2ec1af35 e-con-full e-flex e-con e-child\" data-id=\"2ec1af35\" data-element_type=\"container\" data-e-type=\"container\">\n\t\t\t\t<div class=\"elementor-element elementor-element-4a0b1b20 elementor-widget elementor-widget-heading\" data-id=\"4a0b1b20\" data-element_type=\"widget\" data-e-type=\"widget\" data-widget_type=\"heading.default\">\n\t\t\t\t<div class=\"elementor-widget-container\">\n\t\t\t\t\t<h3 class=\"elementor-heading-title elementor-size-default\">Valor<\/h3>\t\t\t\t<\/div>\n\t\t\t\t<\/div>\n\t\t\t\t<div class=\"elementor-element elementor-element-2a241a79 elementor-widget elementor-widget-heading\" data-id=\"2a241a79\" data-element_type=\"widget\" data-e-type=\"widget\" data-widget_type=\"heading.default\">\n\t\t\t\t<div class=\"elementor-widget-container\">\n\t\t\t\t\t<h2 class=\"elementor-heading-title elementor-size-default\">Nos diferenciamos del resto <\/h2>\t\t\t\t<\/div>\n\t\t\t\t<\/div>\n\t\t\t\t<div class=\"elementor-element elementor-element-5598a079 elementor-widget elementor-widget-text-editor\" data-id=\"5598a079\" data-element_type=\"widget\" data-e-type=\"widget\" data-widget_type=\"text-editor.default\">\n\t\t\t\t<div class=\"elementor-widget-container\">\n\t\t\t\t\t\t\t\t\t<p align=\"justify\">Nos diferenciamos del resto de carpinter\u00eda met\u00e1lica en el detalle de los acabados durante el proceso de la fabricaci\u00f3n y en la instalaci\u00f3n.<\/p><p align=\"justify\">Puertas abatibles, puertas correderas, puertas en acorde\u00f3n, cerramientos, mamparas, alacenas, celos\u00edas, separadores de ambientes y estancias\u2026<\/p><p align=\"justify\">Se realiza a medida cualquier dise\u00f1o met\u00e1lico, asesorando y colaborando con los dise\u00f1os.<\/p>\t\t\t\t\t\t\t\t<\/div>\n\t\t\t\t<\/div>\n\t\t\t\t<\/div>\n\t\t<div class=\"elementor-element elementor-element-17194713 e-con-full e-flex e-con e-child\" data-id=\"17194713\" data-element_type=\"container\" data-e-type=\"container\">\n\t\t\t\t<div class=\"elementor-element elementor-element-5c21444 elementor-widget elementor-widget-image\" data-id=\"5c21444\" data-element_type=\"widget\" data-e-type=\"widget\" data-widget_type=\"image.default\">\n\t\t\t\t<div class=\"elementor-widget-container\">\n\t\t\t\t\t\t\t\t\t\t\t\t\t\t\t<img fetchpriority=\"high\" decoding=\"async\" width=\"1530\" height=\"2040\" src=\"https:\/\/designfawi.soporte-informatico.com\/wp-content\/uploads\/2025\/06\/PUERTA-Y-FIJO-CORREDERA-COCINA-SALON_8_11zon.webp\" class=\"attachment-full size-full wp-image-270\" alt=\"\" srcset=\"https:\/\/designfawi.soporte-informatico.com\/wp-content\/uploads\/2025\/06\/PUERTA-Y-FIJO-CORREDERA-COCINA-SALON_8_11zon.webp 1530w, https:\/\/designfawi.soporte-informatico.com\/wp-content\/uploads\/2025\/06\/PUERTA-Y-FIJO-CORREDERA-COCINA-SALON_8_11zon-225x300.webp 225w, https:\/\/designfawi.soporte-informatico.com\/wp-content\/uploads\/2025\/06\/PUERTA-Y-FIJO-CORREDERA-COCINA-SALON_8_11zon-768x1024.webp 768w, https:\/\/designfawi.soporte-informatico.com\/wp-content\/uploads\/2025\/06\/PUERTA-Y-FIJO-CORREDERA-COCINA-SALON_8_11zon-1152x1536.webp 1152w\" sizes=\"(max-width: 1530px) 100vw, 1530px\" \/>\t\t\t\t\t\t\t\t\t\t\t\t\t\t\t<\/div>\n\t\t\t\t<\/div>\n\t\t\t\t<\/div>\n\t\t\t\t\t<\/div>\n\t\t\t\t<\/div>\n\t\t\t\t<\/div>\n\t\t","protected":false},"excerpt":{"rendered":"<p>\u00bfQu\u00e9 hacemos? En Desingfawi dise\u00f1amos, fabricamos e instalamos estructuras acristaladas en hierro En Desing Fawi llevamos m\u00e1s de 30 a\u00f1os creando estructuras met\u00e1licas a medida, combinando funcionalidad, est\u00e9tica y precisi\u00f3n artesanal. Nos diferenciamos por nuestro enfoque personalizado y por la atenci\u00f3n al detalle en cada fase: desde el dise\u00f1o hasta la instalaci\u00f3n final. Creamos piezas [&hellip;]<\/p>\n","protected":false},"author":1,"featured_media":492,"parent":0,"menu_order":0,"comment_status":"closed","ping_status":"closed","template":"elementor_header_footer","meta":{"footnotes":""},"class_list":["post-16","page","type-page","status-publish","has-post-thumbnail","hentry"],"_links":{"self":[{"href":"https:\/\/desingfawi.soporte-informatico.com\/index.php?rest_route=\/wp\/v2\/pages\/16","targetHints":{"allow":["GET"]}}],"collection":[{"href":"https:\/\/desingfawi.soporte-informatico.com\/index.php?rest_route=\/wp\/v2\/pages"}],"about":[{"href":"https:\/\/desingfawi.soporte-informatico.com\/index.php?rest_route=\/wp\/v2\/types\/page"}],"author":[{"embeddable":true,"href":"https:\/\/desingfawi.soporte-informatico.com\/index.php?rest_route=\/wp\/v2\/users\/1"}],"replies":[{"embeddable":true,"href":"https:\/\/desingfawi.soporte-informatico.com\/index.php?rest_route=%2Fwp%2Fv2%2Fcomments&post=16"}],"version-history":[{"count":44,"href":"https:\/\/desingfawi.soporte-informatico.com\/index.php?rest_route=\/wp\/v2\/pages\/16\/revisions"}],"predecessor-version":[{"id":920,"href":"https:\/\/desingfawi.soporte-informatico.com\/index.php?rest_route=\/wp\/v2\/pages\/16\/revisions\/920"}],"wp:featuredmedia":[{"embeddable":true,"href":"https:\/\/desingfawi.soporte-informatico.com\/index.php?rest_route=\/wp\/v2\/media\/492"}],"wp:attachment":[{"href":"https:\/\/desingfawi.soporte-informatico.com\/index.php?rest_route=%2Fwp%2Fv2%2Fmedia&parent=16"}],"curies":[{"name":"wp","href":"https:\/\/api.w.org\/{rel}","templated":true}]}}